(w) = w**3 + 9*w**2 + 7*w + 9. List the prime factors of x(q).
17
Let f(y) = y**3 + 5*y**2 + 2*y + 6. Let j be f(-5). Let s = -1 - j. List the prime factors of s.
3
Suppose -2*w + w = 13. Let l = w - -16. List the prime factors of l.
3
Let o be 8 - (4/(-2) + 1). Suppose 2*n = -2*y - 3*n + 20, -4*n = 0. Let f = y + o. What are the prime factors of f?
19
Let f(n) be the third derivative of n**4/24 - n**2. Let v(i) = -3*i - 3. Let b(j) = 9*f(j) + v(j). List the prime factors of b(2).
3
Let i(d) = d**2 - 4*d + 4. Suppose -5*r = -15, -5*f + 3*r = 5*r + 24. Let v be -2*f/4 + 2. What are the prime factors of i(v)?
3
Suppose 0*c - 3*c = -9. What are the prime factors of c?
3
Suppose -3*h + 71 = -2*h. What are the prime factors of h?
71
Let v = -14 + 27. List the prime factors of v.
13
Let c(f) = 6 + f + 0 - 2. What are the prime factors of c(3)?
7
Suppose -18*x = -14*x - 168. What are the prime factors of x?
2, 3, 7
Let l(x) = -3*x + 2 + 12*x - x**2 - 11. What are the prime factors of l(6)?
3
Suppose 4*j - 231 - 37 = -2*k, -203 = -3*j - k. What are the prime factors of j?
3, 23
Let m = -64 + 176. What are the prime factors of m?
2, 7
Let m = 18 - 3. Let y = m - -9. What are the prime factors of y?
2, 3
Let v(g) = 3*g + 19. Let f be v(-11). List the prime factors of (4/(-6))/(f/105).
5
Let d(x) = 8*x + 1. List the prime factors of d(1).
3
Suppose -2171 = -22*o + 9*o. What are the prime factors of o?
167
Suppose -s = -c, -2*s = s - c - 4. Suppose 0 = i + s*d - 15, -4*d - d - 1 = -3*i. What are the prime factors of i?
7
Suppose 6*t - t = -30. Let d(f) = f**3 + 7*f**2 + 9*f + 4. Let j be d(t). Let u = j + 21. List the prime factors of u.
7
Let z(x) = 2*x**2 + 9*x + 2. Let t be z(-7). Suppose -t = -3*j + 29. List the prime factors of j.
2, 11
Let d(b) = b**2 - 14*b + 2. List the prime factors of d(-6).
2, 61
Let m(i) = i**2 - 2*i + 1. Suppose -o = -5*o + 12. Let x be m(o). Suppose -4*c + 29 = q, -6*c = -3*c + x*q - 12. List the prime factors of c.
2
Let w(f) = f + 28. What are the prime factors of w(-6)?
2, 11
Suppose -533 + 1429 = 4*n. List the prime factors of n.
2, 7
Let p be (-212)/(-6) - (-10)/15. Suppose 4*y + p - 116 = 0. What are the prime factors of y?
2, 5
Let w(x) = -x**2 + 14*x - 7. Let v = 6 - -1. What are the prime factors of w(v)?
2, 3, 7
Let d(x) be the first derivative of x**3/3 + x**2/2 - 3*x + 1. What are the prime factors of d(-4)?
3
Suppose -8*q + 1946 = -q. List the prime factors of q.
2, 139
Let z(y) = -y**2 - y + 3. Let j be z(-4). List the prime factors of (1 + 12/j)*-9.
3
Let c = 23 - 14. Suppose 0 = a - 4*b - 24, -b = -5*a + 3*b + 40. List the prime factors of (c/3)/3*a.
2
Let l(i) = -81*i - 1. Let o be l(3). Let k be -1*1 - o/4. Suppose 3*s + k = 8*s. List the prime factors of s.
2, 3
Let r be 1/6 - (-9329)/114. Suppose -6*b - r = -8*b. List the prime factors of b.
41
Let g(b) = 3*b**2 - 6*b + 4. What are the prime factors of g(5)?
7
Let o be (-1401)/(-12) - 1/(-4). Suppose 4*i = 3*k - o, 2*k = -i + 125 - 36. List the prime factors of k.
43
Let w = -4 + 8. Let z(l) = -l**2 + 4*l + 4. List the prime factors of z(w).
2
Let n(h) = -h**2 + 17*h + 6. What are the prime factors of n(6)?
2, 3
Let q = 666 + -432. List the prime factors of q.
2, 3, 13
Let z(s) = 2*s**2 + 13*s + 12. What are the prime factors of z(-8)?
2, 3
Let n(u) = 2*u**2 + 5*u + 7. List the prime factors of n(3).
2, 5
List the prime factors of (-2 + (-27)/(-6))/((-4)/(-24)).
3, 5
Suppose -y = -4*g - 75, 58 = 5*y + g - 338. What are the prime factors of y?
79
Let m be (-14)/(-12) - 4/24. Let a be (0*m/3)/(-2). Suppose a = -o - o + 20. List the prime factors of o.
2, 5
Let u be (-1)/(78/81 - 1). Let s be u - 2 - (-3)/(-3). Suppose 0 = 2*g - s + 4. What are the prime factors of g?
2, 5
What are the prime factors of (-14 - -2)/(-4 + 4 + -2)?
2, 3
Suppose 0 = -3*p + 7*p - 56. Suppose -2*g = -8 - p. List the prime factors of g.
11
Suppose -z + 0*z = -28. What are the prime factors of z?
2, 7
Let y(i) be the first derivative of -i**3/3 + 7*i**2/2 + 6*i + 3. Let z be y(7). Suppose -4*h = 2*s + 2*s, 3*h = -z. List the prime factors of s.
2
Suppose 2 = 2*t - q, -3*q - 3 - 3 = 0. Suppose -4*g = -5*h + 172, t*h + 2*g + 32 = h. List the prime factors of h.
2, 3
Suppose -2*q = 5*d - 325, 2*d - 8 = -6. List the prime factors of q.
2, 5
Suppose 68 = 5*d - 2*b + b, -5*d + 72 = b. Suppose -d = -5*g + 81. List the prime factors of g.
19
Let z(q) be the first derivative of q**4/4 + 5*q**3/3 - 9*q**2/2 - 8*q + 4. List the prime factors of z(-6).
2, 5
What are the prime factors of (-872)/(-15) - (-32)/(-240)?
2, 29
Let z = -165 + 265. List the prime factors of z.
2, 5
Let r(v) = -v. Suppose 3*f + 24 = -f. What are the prime factors of r(f)?
2, 3
Suppose -3*g = -g + 10. Let d = -1 - g. What are the prime factors of 3*d*3/2?
2, 3
Let u(g) be the third derivative of -7*g**4/24 + g**3/6 - 2*g**2. Let i be u(-2). Suppose -a - 2*a + i = 0. List the prime factors of a.
5
Suppose c + 0*c - 44 = 0. What are the prime factors of c?
2, 11
Suppose 12 = -n - 3*n. Let b(t) = -t**3 - 11*t**2 - t + 2. Let j(z) = -2*z**3 - 23*z**2 - 2*z + 5. Let s(o) = -13*b(o) + 6*j(o). List the prime factors of s(n).
19
Let k(s) = s**3 - 4*s**2 - 2*s. Let t be 3/(-12) - (-63)/12. What are the prime factors of k(t)?
3, 5
Suppose -10 = l - 122. Suppose 0 = 2*n + 2*n - l. Suppose -5*u = -y - n - 34, 3*y = 9. What are the prime factors of u?
13
Suppose 0 = 2*o - 9 - 21. Suppose 4*q = -7 + o. List the prime factors of q.
2
Suppose -123 = 2*a - 5*a. List the prime factors of a.
41
Suppose 53 = 2*m - 67. What are the prime factors of m/14 + 8/(-28)?
2
Suppose -76 = -4*q + 2*q. List the prime factors of q.
2, 19
Let r(t) = -14*t + 3. Let m be (-48)/21 - 4/(-14). List the prime factors of r(m).
31
Let d(j) = 10*j**2 + 5*j - 41. List the prime factors of d(4).
139
Suppose 12*i - 704 = 4*i. What are the prime factors of i?
2, 11
Suppose 1037 = 9*h + 8*h. List the prime factors of h.
61
Suppose 15 = -3*n + 63. List the prime factors of n.
2
Let q(c) = c**3 - 5*c**2 + 2*c - 4. Let g be 362/5 + (-12)/30. Let l be (-16)/g - 47/(-9). List the prime factors of q(l).
2, 3
List the prime factors of -3*(-2)/(-12)*-44.
2, 11
Let i = 7 - -113. List the prime factors of i.
2, 3, 5
Let i = -1 - -3. Suppose -a = i*a. Suppose 36 = 4*p - a*p. List the prime factors of p.
3
Suppose 0*c - 4*c + 2*p + 150 = 0, -2*p - 187 = -5*c. List the prime factors of c.
37
Suppose 3*x - 3*t + 7*t - 51 = 0, -3*x + 2*t + 69 = 0. What are the prime factors of x?
3, 7
Let w = -8 + 48. List the prime factors of w.
2, 5
What are the prime factors of (-8)/12 - (-213)/9?
23
Let m(f) = 13*f + 3. Let c = -5 - -8. Let l be m(c). Suppose 5*p = 3*t + 31 + 10, -3*p + l = 4*t. What are the prime factors of p?
2, 5
Let r(x) = -14*x**3 - 3*x**2 - x - 1. What are the prime factors of r(-2)?
101
Let n(y) = -3*y - 7. Let k(p) = -16*p - 34. Let f(m) = 2*k(m) - 11*n(m). Let i be 6 - (3 - 1)/(-2). List the prime factors of f(i).
2
Suppose 0 - 19 = -4*l + 3*n, 0 = 4*l - 2*n - 18. List the prime factors of (-32)/(-6)*15/l.
2, 5
Suppose 55 + 481 = 4*q. What are the prime factors of q?
2, 67
Let r = -30 - -75. What are the prime factors of r?
3, 5
Let g = -27 + 72. List the prime factors of g.
3, 5
What are the prime factors of (12 - 14 - (-16)/6)*72?
2, 3
Let q be 5*7*-1 + 2. List the prime factors of (-1)/(-1*(-3)/q).
11
Let o(m) = 16*m**2 + 1. Let b(k) = -k**2 + 1. Let d be b(-2). Let p = d + 4. What are the prime factors of o(p)?
17
What are the prime factors of (-5)/2*456/(-30)?
2, 19
Let q be (-9)/(-4)*(-32)/12. What are the prime factors of (-11)/(-3) + 4/q?
3
Let m be (-867)/(-11) - 8/(-44). Suppose 2 = -u, u + u = 5*n - m. List the prime factors of n.
3, 5
Suppose -8*i + 2*i = -246. What are the prime factors of i?
41
Let a(l) = 2*l + l**2 + 3*l + 2 - 8 - 3*l. List the prime factors of a(-5).
3
Suppose 0*n - 6*n + 726 = 0. What are the prime factors of n?
11
Suppose 0 = 5*i, -4*d - 2*i - i + 280 = 0. List the prime factors of d.
2, 5, 7
Let q be (-70)/30 - 2/(-6). Let o(t) = -1 - t**3 + 2 - t**2 - 3 - 3*t. List the prime factors of o(q).
2
Let b(d) = -3*d - 3*d**2 - 7*d**2 + 14*d**2 - 2. What are the prime factors of b(-2)?
2, 5
Suppose 11 = -4*n - 9, -3*j = -4*n - 506. What 